{"version":"1.0","provider_name":"Setubal Bay","provider_url":"https:\/\/setubalbay.org\/en\/","author_name":"webmaster","author_url":"https:\/\/setubalbay.org\/en\/author\/webmaster\/","title":"Caldeirada em Festival Gastron\u00f3mico - Setubal Bay","type":"rich","width":600,"height":338,"html":"<blockquote class=\"wp-embedded-content\" data-secret=\"2F8U9y6HdY\"><a href=\"https:\/\/setubalbay.org\/en\/caldeirada-em-festival-gastronomico\/\">Caldeirada em Festival Gastron\u00f3mico<\/a><\/blockquote><iframe sandbox=\"allow-scripts\" security=\"restricted\" src=\"https:\/\/setubalbay.org\/en\/caldeirada-em-festival-gastronomico\/embed\/#?secret=2F8U9y6HdY\" width=\"600\" height=\"338\" title=\"&#8220;Caldeirada em Festival Gastron\u00f3mico&#8221; &#8212; Setubal Bay\" data-secret=\"2F8U9y6HdY\" frameborder=\"0\" marginwidth=\"0\" marginheight=\"0\" scrolling=\"no\" class=\"wp-embedded-content\"><\/iframe><script>\n\/*! This file is auto-generated *\/\n!function(d,l){\"use strict\";l.querySelector&&d.addEventListener&&\"undefined\"!=typeof URL&&(d.wp=d.wp||{},d.wp.receiveEmbedMessage||(d.wp.receiveEmbedMessage=function(e){var t=e.data;if((t||t.secret||t.message||t.value)&&!\/[^a-zA-Z0-9]\/.test(t.secret)){for(var s,r,n,a=l.querySelectorAll('iframe[data-secret=\"'+t.secret+'\"]'),o=l.querySelectorAll('blockquote[data-secret=\"'+t.secret+'\"]'),c=new RegExp(\"^https?:$\",\"i\"),i=0;i<o.length;i++)o[i].style.display=\"none\";for(i=0;i<a.length;i++)s=a[i],e.source===s.contentWindow&&(s.removeAttribute(\"style\"),\"height\"===t.message?(1e3<(r=parseInt(t.value,10))?r=1e3:~~r<200&&(r=200),s.height=r):\"link\"===t.message&&(r=new URL(s.getAttribute(\"src\")),n=new URL(t.value),c.test(n.protocol))&&n.host===r.host&&l.activeElement===s&&(d.top.location.href=t.value))}},d.addEventListener(\"message\",d.wp.receiveEmbedMessage,!1),l.addEventListener(\"DOMContentLoaded\",function(){for(var e,t,s=l.querySelectorAll(\"iframe.wp-embedded-content\"),r=0;r<s.length;r++)(t=(e=s[r]).getAttribute(\"data-secret\"))||(t=Math.random().toString(36).substring(2,12),e.src+=\"#?secret=\"+t,e.setAttribute(\"data-secret\",t)),e.contentWindow.postMessage({message:\"ready\",secret:t},\"*\")},!1)))}(window,document);\n\/\/# sourceURL=https:\/\/setubalbay.org\/wp-includes\/js\/wp-embed.min.js\n<\/script>\n","thumbnail_url":"https:\/\/setubalbay.org\/wp-content\/uploads\/2019\/04\/Festival-da-Caldeirada-2018.jpg","thumbnail_width":1000,"thumbnail_height":667,"description":"[vc_row][vc_column width=&#8221;2\/3&#8243;][vc_single_image image=&#8221;8912&#8243; img_size=&#8221;full&#8221; css=&#8221;.vc_custom_1588851479977{margin-bottom: 32px !important;}&#8221;][vc_column_text]A Semana da Caldeirada 2019, dinamizada pela C\u00e2mara Municipal de Set\u00fabal, com o apoio da Docapesca e da Makro, com in\u00edcio no dia 27 de abril, proporciona ementas especiais em 36 restaurantes do concelho, confecionadas com o melhor peixe apanhado na costa sadina. No \u00faltimo dia, \u00e0s 18h00, na&hellip;"}

Caldeirada em Festival Gastronómico - Setubal Bay

<blockquote class="wp-embedded-content" data-secret="2F8U9y6HdY"><a href="https://setubalbay.org/en/caldeirada-em-festival-gastronomico/">Caldeirada em Festival Gastronómico</a></blockquote><iframe sandbox="allow-scripts" security="restricted" src="https://setubalbay.org/en/caldeirada-em-festival-gastronomico/embed/#?secret=2F8U9y6HdY" width="600" height="338" title="&#8220;Caldeirada em Festival Gastronómico&#8221; &#8212; Setubal Bay" data-secret="2F8U9y6HdY" frameborder="0" marginwidth="0" marginheight="0" scrolling="no" class="wp-embedded-content"></iframe><script>
/*! This file is auto-generated */
!function(d,l){"use strict";l.querySelector&&d.addEventListener&&"undefined"!=typeof URL&&(d.wp=d.wp||{},d.wp.receiveEmbedMessage||(d.wp.receiveEmbedMessage=function(e){var t=e.data;if((t||t.secret||t.message||t.value)&&!/[^a-zA-Z0-9]/.test(t.secret)){for(var s,r,n,a=l.querySelectorAll('iframe[data-secret="'+t.secret+'"]'),o=l.querySelectorAll('blockquote[data-secret="'+t.secret+'"]'),c=new RegExp("^https?:$","i"),i=0;i<o.length;i++)o[i].style.display="none";for(i=0;i<a.length;i++)s=a[i],e.source===s.contentWindow&&(s.removeAttribute("style"),"height"===t.message?(1e3<(r=parseInt(t.value,10))?r=1e3:~~r<200&&(r=200),s.height=r):"link"===t.message&&(r=new URL(s.getAttribute("src")),n=new URL(t.value),c.test(n.protocol))&&n.host===r.host&&l.activeElement===s&&(d.top.location.href=t.value))}},d.addEventListener("message",d.wp.receiveEmbedMessage,!1),l.addEventListener("DOMContentLoaded",function(){for(var e,t,s=l.querySelectorAll("iframe.wp-embedded-content"),r=0;r<s.length;r++)(t=(e=s[r]).getAttribute("data-secret"))||(t=Math.random().toString(36).substring(2,12),e.src+="#?secret="+t,e.setAttribute("data-secret",t)),e.contentWindow.postMessage({message:"ready",secret:t},"*")},!1)))}(window,document);
//# sourceURL=https://setubalbay.org/wp-includes/js/wp-embed.min.js
</script>

[vc_row][vc_column width=&#8221;2/3&#8243;][vc_single_image image=&#8221;8912&#8243; img_size=&#8221;full&#8221; css=&#8221;.vc_custom_1588851479977{margin-bottom: 32px !important;}&#8221;][vc_column_text]A Semana da Caldeirada 2019, dinamizada pela Câmara Municipal de Setúbal, com o apoio da Docapesca e da Makro, com início no dia 27 de abril, proporciona ementas especiais em 36 restaurantes do concelho, confecionadas com o melhor peixe apanhado na costa sadina. No último dia, às 18h00, na&hellip;
