{"version":"1.0","provider_name":"Setubal Bay","provider_url":"https:\/\/setubalbay.org\/de\/","author_name":"webmaster","author_url":"https:\/\/setubalbay.org\/de\/author\/webmaster\/","title":"Woche des Meeres 2019 - Setubal Bay","type":"rich","width":600,"height":338,"html":"<blockquote class=\"wp-embedded-content\" data-secret=\"MBdCTz43mq\"><a href=\"https:\/\/setubalbay.org\/de\/route\/semana-do-mar-2019\/\">Woche des Meeres 2019<\/a><\/blockquote><iframe sandbox=\"allow-scripts\" security=\"restricted\" src=\"https:\/\/setubalbay.org\/de\/route\/semana-do-mar-2019\/embed\/#?secret=MBdCTz43mq\" width=\"600\" height=\"338\" title=\"&#8222;Woche des Meeres 2019&#8220; &#8211; Setubal Bay\" data-secret=\"MBdCTz43mq\" frameborder=\"0\" marginwidth=\"0\" marginheight=\"0\" scrolling=\"no\" class=\"wp-embedded-content\"><\/iframe><script>\n\/*! This file is auto-generated *\/\n!function(d,l){\"use strict\";l.querySelector&&d.addEventListener&&\"undefined\"!=typeof URL&&(d.wp=d.wp||{},d.wp.receiveEmbedMessage||(d.wp.receiveEmbedMessage=function(e){var t=e.data;if((t||t.secret||t.message||t.value)&&!\/[^a-zA-Z0-9]\/.test(t.secret)){for(var s,r,n,a=l.querySelectorAll('iframe[data-secret=\"'+t.secret+'\"]'),o=l.querySelectorAll('blockquote[data-secret=\"'+t.secret+'\"]'),c=new RegExp(\"^https?:$\",\"i\"),i=0;i<o.length;i++)o[i].style.display=\"none\";for(i=0;i<a.length;i++)s=a[i],e.source===s.contentWindow&&(s.removeAttribute(\"style\"),\"height\"===t.message?(1e3<(r=parseInt(t.value,10))?r=1e3:~~r<200&&(r=200),s.height=r):\"link\"===t.message&&(r=new URL(s.getAttribute(\"src\")),n=new URL(t.value),c.test(n.protocol))&&n.host===r.host&&l.activeElement===s&&(d.top.location.href=t.value))}},d.addEventListener(\"message\",d.wp.receiveEmbedMessage,!1),l.addEventListener(\"DOMContentLoaded\",function(){for(var e,t,s=l.querySelectorAll(\"iframe.wp-embedded-content\"),r=0;r<s.length;r++)(t=(e=s[r]).getAttribute(\"data-secret\"))||(t=Math.random().toString(36).substring(2,12),e.src+=\"#?secret=\"+t,e.setAttribute(\"data-secret\",t)),e.contentWindow.postMessage({message:\"ready\",secret:t},\"*\")},!1)))}(window,document);\n\/\/# sourceURL=https:\/\/setubalbay.org\/wp-includes\/js\/wp-embed.min.js\n<\/script>\n","thumbnail_url":"https:\/\/setubalbay.org\/wp-content\/uploads\/2020\/01\/IMG_0629.jpg","thumbnail_width":1024,"thumbnail_height":683,"description":"Der Verband \u201eAssocia\u00e7\u00e3o da Ba\u00eda de Set\u00fabal\u201c hat an der Woche des Meeres 2019 teilgenommen, die vom 19. bis 29. September 2019 am Kai\u00a03 des Hafens von Set\u00fabal stattfand. Neben Besichtigungen ber\u00fchmter Schiffe, Konferenzen, Stapell\u00e4ufen, Rundfahrten mit traditionellen Schiffen und Street Food bestand die gro\u00dfe Neuigkeit dieser Ausgabe in einem Shuttle von und zum Ozeanarium von Lissabon."}

Der Verband „Associação da Baía de Setúbal“ hat an der Woche des Meeres 2019 teilgenommen, die vom 19. bis 29. September 2019 am Kai 3 des Hafens von Setúbal stattfand. Neben Besichtigungen berühmter Schiffe, Konferenzen, Stapelläufen, Rundfahrten mit traditionellen Schiffen und Street Food bestand die große Neuigkeit dieser Ausgabe in einem Shuttle von und zum Ozeanarium von Lissabon.
